31. Let z be 3/(2 + (-5)/r). Suppose 10*k = 7*k + 6. Calculate the greatest common factor of z and k.
2
Let t(i) = 30*i + 15 - 3*i + 136 - 18*i. Let u be t(-15). Suppose -2*h + 12 + 4 = 0. Calculate the greatest common divisor of u and h.
8
Suppose 124*g - 5140 + 817 = 2373. What is the highest common divisor of 62 and g?
2
Let n(x) = -91*x - 3766. Let r be n(-43). What is the highest common factor of 4 and r?
1
Suppose -4*v = 12, -3062*a + 3061*a - 3*v + 376 = 0. What is the highest common factor of a and 5?
5
Let l(o) = -10*o**3 + 156*o**2 + 8*o - 21. Let p be l(15). Calculate the highest common factor of 63 and p.
63
Suppose -3*a + 8*b + 31 = 4*b, -2*a + 30 = -5*b. Suppose -a*k - 11*j + 1198 = -13*j, -2*k + 4*j = -492. What is the highest common divisor of 34 and k?
34
Let n(y) = y**3 + 8*y**2 + 8*y - 10. Let t be n(-6). Let u be t/2 - 0 - -3. Let c be (-10)/(-4)*(-8)/(-2). What is the highest common factor of u and c?
10
Let o = 8345 - 5748. Calculate the highest common divisor of o and 49.
49
Suppose 16*m + 151 - 1159 = 0. What is the greatest common divisor of 7 and m?
7
Let o = -93 + 99. Let p(g) = 4*g + 1. Let w be p(o). Calculate the highest common divisor of w and 10.
5
Suppose -v + 4 = -4*m, 3*v + 45*m - 43*m = 40. Let w be ((-50)/15)/((-4)/6). Let d be ((-216)/(-15))/4*w. Calculate the highest common factor of v and d.
6
Suppose -3*c - 1266 = -5*g - 2*c, 0 = -2*c - 2. Let n = 100 + -109. Let k be 0 + ((-3)/n - (-68)/3). Calculate the highest common factor of k and g.
23
Let h(j) = j**2 - 23*j - 85. Let d be h(-9). Calculate the highest common divisor of d and 116.
29
Let o(i) = -i**3 - 5*i**2 - i + 2. Let q be o(-7). Let u(s) = -6*s + 28. Let f be u(4). Suppose f*b - 13 = q. Calculate the highest common factor of b and 12.
6
Let a be ((-1932)/(-98))/((-1463)/294 + 5). What is the greatest common factor of a and 72?
36
Let t(p) = 19*p - 209. Let v be t(11). Let m be (v - (-10)/(-15))/((-8)/420). What is the highest common divisor of 42 and m?
7
Suppose -674*k = -682*k + 160. Let b be 1/(-4) + 2403/12. Suppose -7*y + 4*y + b = 4*u, -100 = -2*u - y. What is the highest common factor of k and u?
10
Let m be 21 + -22 + -1 + 17. Suppose -2*o + m*o - 13 = 0. Let i(k) = -k**2 - 9*k - 7. Let l be i(-8). Calculate the highest common divisor of l and o.
1
Suppose -5*f + 176 = -3*f. Let m(i) = i**2 - 1676*i - 20152. Let u be m(-12). What is the greatest common divisor of f and u?
8
Let l(t) = -4*t**2 - 57*t - 51. Let u be l(-13). Let h(v) = 15*v**2 - 2. Let o be h(-3). Calculate the greatest common factor of u and o.
7
Let x be (-8)/(-52) + 2136/(-26). Let a = -80 - x. Suppose -2*k - 3*k = -4*w - 112, -w = -a*k + 46. Calculate the greatest common divisor of k and 96.
24
Let o(r) = 91*r + 3837. Let f be o(-11). What is the highest common divisor of 8 and f?
4
Let s be ((-9)/12)/(12/(-144)). Let l be (2 - 24/s)/((-4)/174). Let g(u) = -52*u - 5. Let j be g(-4). What is the greatest common factor of l and j?
29
Let j(g) = 48*g + 122. Let p be j(3). What is the highest common divisor of p and 38?
38
Let m(d) = 2*d. Let l(o) = 11*o + 401. Let c(h) = l(h) - 7*m(h). Let i be c(-58). Calculate the greatest common divisor of 115 and i.
115
Let s be (19 - 36)/102 - 49/(-6). Let o(c) = -c**2 - 18*c - 17. Let g be o(-13). What is the highest common divisor of g and s?
8
Let p = -4382 - -8351. What is the greatest common divisor of 49 and p?
49
Let x(u) = -4*u**2 + 55*u + 336. Let g(i) = -3*i**2 + 36*i + 224. Let t(w) = 7*g(w) - 5*x(w). Let c be t(-11). What is the highest common divisor of 210 and c?
10
Let x be 4 + 6/((-78)/(-1183)). Calculate the highest common divisor of x and 1254.
19
Let m(l) = l + 46. Let g be m(-19). Suppose 3*w = -g + 180. Calculate the greatest common divisor of 68 and w.
17
Let m(u) = 4*u**2 - 2*u - 473. Let f be m(-16). What is the greatest common factor of 121 and f?
11
Let t(s) = -155*s - 580. Let q be t(-4). Calculate the greatest common factor of 4820 and q.
20
Suppose -596 = -0*l - l + 5*v, -5*l + 3046 = -3*v. Let z be 16 - ((-6)/(-4))/(20/(-720)*-18). What is the greatest common factor of z and l?
13
Let j(x) = -x**3 - x**2 + 11*x + 6. Suppose 0 = -3*r + 7*p - 8*p - 15, 2*r = p - 15. Let z be j(r). What is the greatest common divisor of z and 160?
40
Suppose 94*o - 85*o = -1512. Let q = o + 188. What is the highest common divisor of q and 500?
20
Suppose 206*b = 168875 + 207899. What is the greatest common divisor of b and 354?
59
Suppose 2*f + 8*b - 10*b - 384 = 0, -4*b + 212 = f. Suppose 2*w - f - 266 = 0. Calculate the highest common divisor of 66 and w.
33
Let r(k) = 35*k + 188. Let a be (-9 + 11)*(10/(-4) - 0). Let d be r(a). Calculate the greatest common factor of 351 and d.
13
Suppose 0 = -6*c - 283 + 5875. Let s = -916 + c. Let d(a) = 49*a**3 - 2*a + 1. Let i be d(1). What is the greatest common factor of i and s?
16
Let l = -401 + 424. Let b = 1089 - 560. What is the greatest common divisor of b and l?
23
Suppose b + o - 4*o = 32, 0 = -3*b + 2*o + 89. Suppose -34*s + 122 - 2604 = 0. Let k be (-174)/4*(-75 - s). Calculate the greatest common divisor of b and k.
29
Let i be 0/(-1)*(-4 - -5). Let q be (i - -46) + (-4)/2. Let n be 550*((-6394)/460)/(-139). What is the highest common factor of q and n?
11
Let w be -14*(-90)/12 - 17. Suppose 2*x = 6*x + 5*h - 474, -3*h - 127 = -x. Calculate the highest common factor of x and w.
11
Suppose 13*x + 73 = 1282. Suppose -r = 5*b - x, b + r - 33 = -4*r. Calculate the highest common factor of b and 27.
9
Let p(i) = -4*i - 92. Let l be p(-25). Suppose 2 = 10*g - l*g, -a - 2*g + 55 = 0. What is the greatest common divisor of 53 and a?
53
Suppose -6*r + 2*r = -5*s - 28, 0 = -3*r + 4*s + 22. Suppose -6*z + 3*k + 678 = -r*z, 0 = -5*z - 4*k + 832. Calculate the greatest common divisor of 588 and z.
84
Suppose -15 = -5*t - 0*t, -k + 36 = 4*t. Let l be -3*(-3)/9*1 + 36. Let j = 83 + l. What is the greatest common divisor of k and j?
24
Suppose -p - 294 - 127 = 3*g, 2*p + 863 = g. Let u = p - -478. What is the highest common divisor of u and 32?
16
Let c be 24/4 + 542 + 16. Suppose -i - c = -615. Calculate the greatest common divisor of 187 and i.
17
Let t(w) = 30 - 22 + 31 + 12*w - 7*w. Let m be t(-7). Suppose -f - 53 = 2*o - 3*o, 3*o - m*f = 158. Calculate the greatest common divisor of o and 36.
18
Suppose 3*d = 3*b + 87, 5*b - 10 = -0*b. Suppose -k - 5*h + 2 = -d, 5*h = 20. What is the greatest common divisor of 169 and k?
13
Suppose -23*p - 17*p + 87 = -11*p. Calculate the greatest common factor of 89 and p.
1
Suppose -4*r - 10*p + 10551 = -13*p, 0 = -2*p + 6. What is the greatest common divisor of 352 and r?
176
Suppose d - 4*u = 76, 0 = -4*u + 19 - 11. What is the highest common factor of d and 5866?
14
Let r(q) = 2*q + 81. Let l be r(-36). Suppose -l*c = -5*c - 16. Calculate the highest common divisor of 124 and c.
4
Let d be 0/(7 - (-45)/(-9)). Suppose d*b = 12*b - 480. Calculate the highest common divisor of b and 640.
40
Let h(f) = -2*f**2 - 8*f + 14. Let v be h(-5). Let w = -88 + 216. Calculate the greatest common factor of v and w.
4
Suppose -2*d - j - 1099 = -1260, 3*j + 364 = 5*d. Calculate the greatest common factor of 91 and d.
7
Let j = 6133 - 4005. Calculate the highest common divisor of j and 144.
16
Suppose 2*j = -2, 4*j - 1 = -2*u + 1. Suppose l = 4 + 28. Let g be ((-216)/l)/((-1)/4). What is the highest common factor of u and g?
3
Suppose 0 = -2*r + 3*j - 366, 185 = -5*r + 4*r + 2*j. Let n = -117 - r. What is the highest common divisor of n and 45?
15
Let d be (9/(-6) + (-18)/(-12))*-1. Suppose -3*s - 66 = n, 339 = -4*n + 3*s - d*s. Let h = 97 + n. Calculate the greatest common factor of h and 8.
8
Let q = 2253 + -2249. What is the highest common factor of q and 3?
1
Let j = 12395 - 12319. Calculate the highest common factor of j and 13756.
76
Let d = 1046 - -3028. What is the highest common divisor of d and 210?
42
Suppose 3*n - 14286 = 4*l, 7*n = 10*n + l - 14286. Suppose 49*c - 4499 = n. Calculate the highest common divisor of 216 and c.
27
Let p = 700 + -691. Suppose -6*q + p*q = 2*w + 72, q - 3*w = 24. What is the highest common divisor of q and 552?
24
Let d(n) = -2*n**3 + 22*n**2 + 8*n - 5. Let f be d(11). Let u = 123 - f. What is the highest common di